[INFO] cloning repository https://github.com/pelmers/matrixrs
[INFO] running `Command { std: "git" "-c" "credential.helper=" "-c" "credential.helper=/workspace/cargo-home/bin/git-credential-null" "clone" "--bare" "https://github.com/pelmers/matrixrs" "/workspace/cache/git-repos/https%3A%2F%2Fgithub.com%2Fpelmers%2Fmatrixrs", kill_on_drop: false }`
[INFO] [stderr] Cloning into bare repository '/workspace/cache/git-repos/https%3A%2F%2Fgithub.com%2Fpelmers%2Fmatrixrs'...
[INFO] running `Command { std: "git" "rev-parse" "HEAD", kill_on_drop: false }`
[INFO] [stdout] cef2e92c3967cad4c1c71439855ea2b0655d262d
[INFO] building pelmers/matrixrs against master#ff34b919075f35a1787659e9c448a34b06bab8de for issue-85264
[INFO] running `Command { std: "git" "clone" "/workspace/cache/git-repos/https%3A%2F%2Fgithub.com%2Fpelmers%2Fmatrixrs" "/workspace/builds/worker-3/source", kill_on_drop: false }`
[INFO] [stderr] Cloning into '/workspace/builds/worker-3/source'...
[INFO] [stderr] done.
[INFO] validating manifest of git repo https://github.com/pelmers/matrixrs on toolchain ff34b919075f35a1787659e9c448a34b06bab8de
[INFO] running `Command { std: "/workspace/cargo-home/bin/cargo" "+ff34b919075f35a1787659e9c448a34b06bab8de" "metadata" "--manifest-path" "Cargo.toml" "--no-deps", kill_on_drop: false }`
[INFO] started tweaking git repo https://github.com/pelmers/matrixrs
[INFO] removed 0 missing tests
[INFO] finished tweaking git repo https://github.com/pelmers/matrixrs
[INFO] tweaked toml for git repo https://github.com/pelmers/matrixrs written to /workspace/builds/worker-3/source/Cargo.toml
[INFO] crate git repo https://github.com/pelmers/matrixrs already has a lockfile, it will not be regenerated
[INFO] running `Command { std: "/workspace/cargo-home/bin/cargo" "+ff34b919075f35a1787659e9c448a34b06bab8de" "fetch" "--manifest-path" "Cargo.toml", kill_on_drop: false }`
[INFO] [stderr] warning: An explicit [[test]] section is specified in Cargo.toml which currently
[INFO] [stderr] disables Cargo from automatically inferring other test targets.
[INFO] [stderr] This inference behavior will change in the Rust 2018 edition and the following
[INFO] [stderr] files will be included as a test target:
[INFO] [stderr] 
[INFO] [stderr] * /workspace/builds/worker-3/source/tests/test_equality.rs
[INFO] [stderr] * /workspace/builds/worker-3/source/tests/test_to_string.rs
[INFO] [stderr] * /workspace/builds/worker-3/source/tests/test_getters.rs
[INFO] [stderr] * /workspace/builds/worker-3/source/tests/test_lu_decomp.rs
[INFO] [stderr] * /workspace/builds/worker-3/source/tests/test_binops.rs
[INFO] [stderr] * /workspace/builds/worker-3/source/tests/test_constructors.rs
[INFO] [stderr] * /workspace/builds/worker-3/source/tests/test_unaryops.rs
[INFO] [stderr] * /workspace/builds/worker-3/source/tests/test_determinant.rs
[INFO] [stderr] 
[INFO] [stderr] This is likely to break cargo build or cargo test as these files may not be
[INFO] [stderr] ready to be compiled as a test target today. You can future-proof yourself
[INFO] [stderr] and disable this warning by adding `autotests = false` to your [package]
[INFO] [stderr] section. You may also move the files to a location where Cargo would not
[INFO] [stderr] automatically infer them to be a target, such as in subfolders.
[INFO] [stderr] 
[INFO] [stderr] For more information on this warning you can consult
[INFO] [stderr] https://github.com/rust-lang/cargo/issues/5330
[INFO] [stderr] warning: dependency (num) specified without providing a local path, Git repository, or version to use. This will be considered an error in future versions
[INFO] running `Command { std: "docker" "create" "-v" "/var/lib/crater-agent-workspace/builds/worker-3/target:/opt/rustwide/target:rw,Z" "-v" "/var/lib/crater-agent-workspace/builds/worker-3/source:/opt/rustwide/workdir:ro,Z" "-v" "/var/lib/crater-agent-workspace/cargo-home:/opt/rustwide/cargo-home:ro,Z" "-v" "/var/lib/crater-agent-workspace/rustup-home:/opt/rustwide/rustup-home:ro,Z" "-e" "SOURCE_DIR=/opt/rustwide/workdir" "-e" "CARGO_TARGET_DIR=/opt/rustwide/target" "-e" "CARGO_HOME=/opt/rustwide/cargo-home" "-e" "RUSTUP_HOME=/opt/rustwide/rustup-home" "-w" "/opt/rustwide/workdir" "-m" "1610612736" "--user" "0:0" "--network" "none" "ghcr.io/rust-lang/crates-build-env/linux@sha256:20528e8c29e4536546f0102ce88568b16ea7538393a33fcca951030f7af10457" "/opt/rustwide/cargo-home/bin/cargo" "+ff34b919075f35a1787659e9c448a34b06bab8de" "metadata" "--no-deps" "--format-version=1", kill_on_drop: false }`
[INFO] [stdout] 1c44a894e04a48bc0c42dc14a813d1c2f70322eed456df4a05852a567ccfd40e
[INFO] [stderr] WARNING: Your kernel does not support swap limit capabilities or the cgroup is not mounted. Memory limited without swap.
[INFO] running `Command { std: "docker" "start" "-a" "1c44a894e04a48bc0c42dc14a813d1c2f70322eed456df4a05852a567ccfd40e", kill_on_drop: false }`
[INFO] running `Command { std: "docker" "inspect" "1c44a894e04a48bc0c42dc14a813d1c2f70322eed456df4a05852a567ccfd40e", kill_on_drop: false }`
[INFO] running `Command { std: "docker" "rm" "-f" "1c44a894e04a48bc0c42dc14a813d1c2f70322eed456df4a05852a567ccfd40e", kill_on_drop: false }`
[INFO] [stdout] 1c44a894e04a48bc0c42dc14a813d1c2f70322eed456df4a05852a567ccfd40e
[INFO] running `Command { std: "docker" "create" "-v" "/var/lib/crater-agent-workspace/builds/worker-3/target:/opt/rustwide/target:rw,Z" "-v" "/var/lib/crater-agent-workspace/builds/worker-3/source:/opt/rustwide/workdir:ro,Z" "-v" "/var/lib/crater-agent-workspace/cargo-home:/opt/rustwide/cargo-home:ro,Z" "-v" "/var/lib/crater-agent-workspace/rustup-home:/opt/rustwide/rustup-home:ro,Z" "-e" "SOURCE_DIR=/opt/rustwide/workdir" "-e" "CARGO_TARGET_DIR=/opt/rustwide/target" "-e" "CARGO_INCREMENTAL=0" "-e" "RUST_BACKTRACE=full" "-e" "RUSTFLAGS=--cap-lints=forbid" "-e" "CARGO_HOME=/opt/rustwide/cargo-home" "-e" "RUSTUP_HOME=/opt/rustwide/rustup-home" "-w" "/opt/rustwide/workdir" "-m" "1610612736" "--user" "0:0" "--network" "none" "ghcr.io/rust-lang/crates-build-env/linux@sha256:20528e8c29e4536546f0102ce88568b16ea7538393a33fcca951030f7af10457" "/opt/rustwide/cargo-home/bin/cargo" "+ff34b919075f35a1787659e9c448a34b06bab8de" "build" "--frozen" "--message-format=json", kill_on_drop: false }`
[INFO] [stdout] 4b04a1dd2ec5605f2f70019f8e67bac8716438b783f18c00ccd269e4f7b833ee
[INFO] [stderr] WARNING: Your kernel does not support swap limit capabilities or the cgroup is not mounted. Memory limited without swap.
[INFO] running `Command { std: "docker" "start" "-a" "4b04a1dd2ec5605f2f70019f8e67bac8716438b783f18c00ccd269e4f7b833ee", kill_on_drop: false }`
[INFO] [stderr] warning: An explicit [[test]] section is specified in Cargo.toml which currently
[INFO] [stderr] disables Cargo from automatically inferring other test targets.
[INFO] [stderr] This inference behavior will change in the Rust 2018 edition and the following
[INFO] [stderr] files will be included as a test target:
[INFO] [stderr] 
[INFO] [stderr] * /opt/rustwide/workdir/tests/test_equality.rs
[INFO] [stderr] * /opt/rustwide/workdir/tests/test_to_string.rs
[INFO] [stderr] * /opt/rustwide/workdir/tests/test_getters.rs
[INFO] [stderr] * /opt/rustwide/workdir/tests/test_lu_decomp.rs
[INFO] [stderr] * /opt/rustwide/workdir/tests/test_binops.rs
[INFO] [stderr] * /opt/rustwide/workdir/tests/test_constructors.rs
[INFO] [stderr] * /opt/rustwide/workdir/tests/test_unaryops.rs
[INFO] [stderr] * /opt/rustwide/workdir/tests/test_determinant.rs
[INFO] [stderr] 
[INFO] [stderr] This is likely to break cargo build or cargo test as these files may not be
[INFO] [stderr] ready to be compiled as a test target today. You can future-proof yourself
[INFO] [stderr] and disable this warning by adding `autotests = false` to your [package]
[INFO] [stderr] section. You may also move the files to a location where Cargo would not
[INFO] [stderr] automatically infer them to be a target, such as in subfolders.
[INFO] [stderr] 
[INFO] [stderr] For more information on this warning you can consult
[INFO] [stderr] https://github.com/rust-lang/cargo/issues/5330
[INFO] [stderr] warning: dependency (num) specified without providing a local path, Git repository, or version to use. This will be considered an error in future versions
[INFO] [stderr]    Compiling libc v0.1.6
[INFO] [stderr]    Compiling rustc-serialize v0.3.14
[INFO] [stdout] error[E0642]: patterns aren't allowed in functions without bodies
[INFO] [stdout]    --> /opt/rustwide/cargo-home/registry/src/github.com-1ecc6299db9ec823/rustc-serialize-0.3.14/src/serialize.rs:144:45
[INFO] [stdout]     |
[INFO] [stdout] 144 | ...                   &f_name: &str,
[INFO] [stdout]     |                       ^^^^^^^ pattern not allowed in function without body
[INFO] [stdout] 
[INFO] [stdout] 
[INFO] [stderr]    Compiling rand v0.3.8
[INFO] [stdout] error[E0277]: the size for values of type `Self` cannot be known at compilation time
[INFO] [stdout]    --> /opt/rustwide/cargo-home/registry/src/github.com-1ecc6299db9ec823/rustc-serialize-0.3.14/src/serialize.rs:200:41
[INFO] [stdout]     |
[INFO] [stdout] 200 |     fn decode<D: Decoder>(d: &mut D) -> Result<Self, D::Error>;
[INFO] [stdout]     |                                         ^^^^^^^^^^^^^^^^^^^^^^ doesn't have a size known at compile-time
[INFO] [stdout]     |
[INFO] [stdout] help: consider further restricting `Self`
[INFO] [stdout]     |
[INFO] [stdout] 200 |     fn decode<D: Decoder>(d: &mut D) -> Result<Self, D::Error> where Self: Sized;
[INFO] [stdout]     |                                                                ^^^^^^^^^^^^^^^^^
[INFO] [stdout] 
[INFO] [stdout] 
[INFO] [stdout] error: aborting due to 2 previous errors
[INFO] [stdout] 
[INFO] [stdout] 
[INFO] [stdout] Some errors have detailed explanations: E0277, E0642.
[INFO] [stdout] 
[INFO] [stdout] For more information about an error, try `rustc --explain E0277`.
[INFO] [stdout] 
[INFO] [stderr] error: could not compile `rustc-serialize`
[INFO] [stderr] 
[INFO] [stderr] To learn more, run the command again with --verbose.
[INFO] [stderr] warning: build failed, waiting for other jobs to finish...
[INFO] [stdout] error[E0277]: the size for values of type `Self` cannot be known at compilation time
[INFO] [stdout]   --> /opt/rustwide/cargo-home/registry/src/github.com-1ecc6299db9ec823/rand-0.3.8/src/distributions/range.rs:83:50
[INFO] [stdout]    |
[INFO] [stdout] 50 | pub struct Range<X> {
[INFO] [stdout]    |                  - required by this bound in `range::Range`
[INFO] [stdout] ...
[INFO] [stdout] 83 |     fn construct_range(low: Self, high: Self) -> Range<Self>;
[INFO] [stdout]    |                                                  ^^^^^^^^^^^ doesn't have a size known at compile-time
[INFO] [stdout]    |
[INFO] [stdout] help: you could relax the implicit `Sized` bound on `X` if it were used through indirection like `&X` or `Box<X>`
[INFO] [stdout]   --> /opt/rustwide/cargo-home/registry/src/github.com-1ecc6299db9ec823/rand-0.3.8/src/distributions/range.rs:50:18
[INFO] [stdout]    |
[INFO] [stdout] 50 | pub struct Range<X> {
[INFO] [stdout]    |                  ^ this could be changed to `X: ?Sized`...
[INFO] [stdout] 51 |     low: X,
[INFO] [stdout]    |          - ...if indirection were used here: `Box<X>`
[INFO] [stdout] 52 |     range: X,
[INFO] [stdout]    |            - ...if indirection were used here: `Box<X>`
[INFO] [stdout] 53 |     accept_zone: X
[INFO] [stdout]    |                  - ...if indirection were used here: `Box<X>`
[INFO] [stdout] help: consider further restricting `Self`
[INFO] [stdout]    |
[INFO] [stdout] 83 |     fn construct_range(low: Self, high: Self) -> Range<Self> where Self: Sized;
[INFO] [stdout]    |                                                              ^^^^^^^^^^^^^^^^^
[INFO] [stdout] 
[INFO] [stdout] 
[INFO] [stdout] error[E0277]: the size for values of type `Self` cannot be known at compilation time
[INFO] [stdout]   --> /opt/rustwide/cargo-home/registry/src/github.com-1ecc6299db9ec823/rand-0.3.8/src/distributions/range.rs:87:32
[INFO] [stdout]    |
[INFO] [stdout] 50 | pub struct Range<X> {
[INFO] [stdout]    |                  - required by this bound in `range::Range`
[INFO] [stdout] ...
[INFO] [stdout] 87 |     fn sample_range<R: Rng>(r: &Range<Self>, rng: &mut R) -> Self;
[INFO] [stdout]    |                                ^^^^^^^^^^^^ doesn't have a size known at compile-time
[INFO] [stdout]    |
[INFO] [stdout] help: you could relax the implicit `Sized` bound on `X` if it were used through indirection like `&X` or `Box<X>`
[INFO] [stdout]   --> /opt/rustwide/cargo-home/registry/src/github.com-1ecc6299db9ec823/rand-0.3.8/src/distributions/range.rs:50:18
[INFO] [stdout]    |
[INFO] [stdout] 50 | pub struct Range<X> {
[INFO] [stdout]    |                  ^ this could be changed to `X: ?Sized`...
[INFO] [stdout] 51 |     low: X,
[INFO] [stdout]    |          - ...if indirection were used here: `Box<X>`
[INFO] [stdout] 52 |     range: X,
[INFO] [stdout]    |            - ...if indirection were used here: `Box<X>`
[INFO] [stdout] 53 |     accept_zone: X
[INFO] [stdout]    |                  - ...if indirection were used here: `Box<X>`
[INFO] [stdout] help: consider further restricting `Self`
[INFO] [stdout]    |
[INFO] [stdout] 87 |     fn sample_range<R: Rng>(r: &Range<Self>, rng: &mut R) -> Self where Self: Sized;
[INFO] [stdout]    |                                                                   ^^^^^^^^^^^^^^^^^
[INFO] [stdout] 
[INFO] [stdout] 
[INFO] [stdout] error: aborting due to 2 previous errors
[INFO] [stdout] 
[INFO] [stdout] 
[INFO] [stdout] For more information about this error, try `rustc --explain E0277`.
[INFO] [stdout] 
[INFO] [stderr] error: build failed
[INFO] running `Command { std: "docker" "inspect" "4b04a1dd2ec5605f2f70019f8e67bac8716438b783f18c00ccd269e4f7b833ee", kill_on_drop: false }`
[INFO] running `Command { std: "docker" "rm" "-f" "4b04a1dd2ec5605f2f70019f8e67bac8716438b783f18c00ccd269e4f7b833ee", kill_on_drop: false }`
[INFO] [stdout] 4b04a1dd2ec5605f2f70019f8e67bac8716438b783f18c00ccd269e4f7b833ee
